6?
4
What is the hundred thousands digit of 107176834?
1
What is the hundred thousands digit of 215884362?
8
What is the tens digit of 62544381?
8
What is the ten millions digit of 351323941?
5
What is the ten thousands digit of 1262479658?
7
What is the hundred thousands digit of 42758015?
7
What is the units digit of 2303059966?
6
What is the hundred millions digit of 203225944?
2
What is the millions digit of 14251647?
4
What is the tens digit of 4656461083?
8
What is the hundred thousands digit of 771848637?
8
What is the units digit of 453269096?
6
What is the thousands digit of 817613109?
3
What is the hundred millions digit of 462527846?
4
What is the hundreds digit of 1028090686?
6
What is the ten millions digit of 43608937?
4
What is the millions digit of 34259045?
4
What is the thousands digit of 38238254?
8
What is the thousands digit of 32568798?
8
What is the tens digit of 3576359439?
3
What is the hundred thousands digit of 1786886571?
8
What is the hundred millions digit of 119500411?
1
What is the billions digit of 2198222835?
2
What is the ten thousands digit of 48490812?
9
What is the hundred thousands digit of 151069478?
0
What is the units digit of 16223706?
6
What is the tens digit of 92350151?
5
What is the thousands digit of 1284019303?
9
What is the ten thousands digit of 22156779?
5
What is the ten thousands digit of 41026175?
2
What is the thousands digit of 187793940?
3
What is the ten thousands digit of 2657055486?
5
What is the hundred thousands digit of 308324765?
3
What is the hundred millions digit of 6358335245?
3
What is the units digit of 118472758?
8
What is the thousands digit of 75553190?
3
What is the millions digit of 48508355?
8
What is the units digit of 1234759353?
3
What is the millions digit of 2551993514?
1
What is the hundred millions digit of 1009741760?
0
What is the hundreds digit of 762222871?
8
What is the units digit of 51083340?
0
What is the hundreds digit of 259757987?
9
What is the ten thousands digit of 508890462?
9
What is the tens digit of 5384447256?
5
What is the thousands digit of 970944843?
4
What is the ten millions digit of 180804643?
8
What is the units digit of 1118510190?
0
What is the units digit of 291957626?
6
What is the tens digit of 1180008353?
5
What is the tens digit of 300672837?
3
What is the units digit of 876011338?
8
What is the hundred millions digit of 8452279875?
4
What is the units digit of 67125373?
3
What is the millions digit of 176931936?
6
What is the units digit of 555069388?
8
What is the units digit of 15156994?
4
What is the ten thousands digit of 739617227?
1
What is the hundred thousands digit of 3253806723?
8
What is the hundred millions digit of 779297835?
7
What is the hundred thousands digit of 942669837?
6
What is the hundred thousands digit of 112488501?
4
What is the hundred thousands digit of 585180393?
1
What is the tens digit of 4077799?
9
What is the units digit of 1334110956?
6
What is the hundred millions digit of 255560190?
2
What is the tens digit of 9031258?
5
What is the ten millions digit of 302335361?
0
What is the ten thousands digit of 1109267401?
6
What is the tens digit of 63229982?
8
What is the ten thousands digit of 227039837?
3
What is the hundreds digit of 1698155888?
8
What is the hundred thousands digit of 126870927?
8
What is the hundred thousands digit of 127666863?
6
What is the thousands digit of 5833173237?
3
What is the ten thousands digit of 2689903249?
0
What is the ten thousands digit of 95861605?
6
What is the millions digit of 30825630?
0
What is the billions digit of 1120007528?
1
What is the millions digit of 33724285?
3
What is the hundreds digit of 1242845750?
7
What is the thousands digit of 32028280?
8
What is the hundred thousands digit of 8999842?
9
What is the hundred millions digit of 600091922?
6
What is the hundred thousands digit of 31608103?
6
What is the thousands digit of 35670022?
0
What is the millions digit of 66305811?
6
What is the tens digit of 231238284?
8
What is the tens digit of 247671065?
6
What is the hundred thousands digit of 1230789832?
7
What is the ten millions digit of 10832385?
1
What is the tens digit of 42460088?
8
What is the hundred thousands digit of 1852611688?
6
What is the hundred millions digit of 2157037604?
1
What is the ten millions digit of 36677844?
3
What is the ten thousands digit of 260245333?
4
What is the tens digit of 331816031?
3
What is the thousands digit of 72127628?
7
What is the tens digit of 2246806947?
4
What is the ten millions digit of 35806379?
3
What is the hundreds digit of 31939992?
9
What is the ten thousands digit of 342206621?
0
What is the ten millions digit of 34931962?
3
What is the tens digit of 146674142?
4
What is the tens digit of 917644578?
7
What is the tens digit of 5483227?
2
What is the units digit of 1444286435?
5
What is the hundreds digit of 149184062?
0
What is the tens digit of 254753107?
0
What is the hundred thousands digit of 174164414?
1
What is the units digit of 202559370?
0
What is the hundred thousands digit of 49122569?
1
What is the ten thousands digit of 766815522?
1
What is the ten millions digit of 77017906?
7
What is the ten thousands digit of 16394551?
9
What is the thousands digit of 3371728643?
8
What is the hundred millions digit of 146631483?
1
What is the units digit of 2242697391?
1
What is the millions digit of 59956865?
9
What is the hundred thousands digit of 154768281?
7
What is the hundred millions digit of 396889313?
3
What is the thousands digit of 176936418?
6
What is the tens digit of 323483643?
4
What is the tens digit of 54480681?
8
What is the thousands digit of 673242012?
2
What is the millions digit of 250733219?
0
What is the tens digit of 279859086?
8
What is the units digit of 275732546?
6
What is the thousands digit of 1159604984?
4
What is the hundreds digit of 818937693?
6
What is the units digit of 427376462?
2
What is the hundreds digit of 8439360?
3
What is the ten millions digit of 2900541702?
0
What is the millions digit of 6121340?
6
What is the hundred thousands digit of 2447917573?
9
What is the millions digit of 1700417116?
0
What is the millions digit of 28482426?
8
What is the hundred millions digit of 331722608?
3
What is the hundred thousands digit of 1019603366?
6
What is the hundred thousands digit of 119056091?
0
What is the units digit of 48254754?
4
What is the hundreds digit of 35534466?
4
What is the billions digit of 1739311510?
1
What is the hundred thousands digit of 67053801?
0
What is the thousands digit of 24846979?
6
What is the hundred thousands digit of 1137599573?
5
What is the millions digit of 265476353?
5
What is the hundred millions digit of 653783402?
6
What is the tens digit of 480281146?
4
What is the units digit of 33196151?
1
What is the ten thousands digit of 210003758?
0
What is the hundred thousands digit of 338730020?
7
What is the ten thousands digit of 38801576?
0
What is the hundreds digit of 230979165?
1
What is the thousands digit of 46061707?
1
What is the hundreds digit of 3817713715?
7
What is the tens digit of 50131332?
3
What is the thousands digit of 700261840?
1
What is the tens digit of 23201564?
6
What is the hundred millions digit of 157541840?
1
What is the units digit of 3934841326?
6
What is the thousands digit of 538017?
8
What is the tens digit of 28560416?
1
What is the hundred millions digit of 291481728?
2
What is the hundred millions digit of 537940761?
5
What is the ten millions digit of 102547108?
0
What is the ten millions digit of 35531894?
3
What is the tens digit of 4018455429?
2
What is the hundreds digit of 349831859?
8
What is the ten thousands digit of 41908690?
0
What is the ten millions digit of 435154515?
3
What is the ten thousands digit of 3563234956?
3
What is the ten thousands digit of 131214156?
1
What is the units digit of 2259734961?
1
What is the ten thousands digit of 32877766?
7
What is the hundred millions digit of 192360747?
1
What is the hundreds digit of 180158859?
8
What is the millions digit of 1010182883?
0
What is the thousands digit of 403305005?
5
What is the hundred thousands digit of 643334029?
3
What is the millions digit of 3081542?
3
What is the ten millions digit of 61290